97
List the prime factors of 23462336.
2, 366599
What are the prime factors of 26434013?
137, 192949
List the prime factors of 540442.
2, 7, 38603
What are the prime factors of 20781111?
3, 13, 532849
What are the prime factors of 2993?
41, 73
What are the prime factors of 2155889?
17, 29, 4373
What are the prime factors of 161319?
3, 53773
List the prime factors of 362850.
2, 3, 5, 41, 59
List the prime factors of 1498459.
29, 163, 317
What are the prime factors of 26641368?
2, 3, 13, 28463
List the prime factors of 163904.
2, 13, 197
List the prime factors of 1624245.
3, 5, 7, 31, 499
What are the prime factors of 540167?
540167
List the prime factors of 6089632.
2, 190301
What are the prime factors of 4323790?
2, 5, 73, 5923
What are the prime factors of 422866?
2, 211433
List the prime factors of 69962.
2, 34981
What are the prime factors of 1133699?
7, 161957
List the prime factors of 18208672.
2, 569021
What are the prime factors of 25518955?
5, 7, 11, 17, 557
What are the prime factors of 128232?
2, 3, 13, 137
What are the prime factors of 255339?
3, 7, 193
What are the prime factors of 1805973?
3, 13, 46307
List the prime factors of 2978864.
2, 7, 26597
What are the prime factors of 18099317?
18099317
What are the prime factors of 167326?
2, 83663
What are the prime factors of 29110737?
3, 9703579
What are the prime factors of 27795484?
2, 6948871
What are the prime factors of 705112?
2, 53, 1663
What are the prime factors of 1404528?
2, 3, 29, 1009
What are the prime factors of 338304?
2, 3, 881
What are the prime factors of 3110411?
53, 58687
List the prime factors of 158068.
2, 43, 919
List the prime factors of 642484.
2, 160621
What are the prime factors of 1586736?
2, 3, 3673
What are the prime factors of 26134989?
3, 53, 164371
List the prime factors of 1136384.
2, 23, 193
List the prime factors of 1642713.
3, 521, 1051
List the prime factors of 1253717.
1253717
List the prime factors of 735831.
3, 27253
List the prime factors of 537319.
17, 31607
What are the prime factors of 266845?
5, 83, 643
List the prime factors of 1493880.
2, 3, 5, 59, 211
What are the prime factors of 1184536?
2, 19, 7793
What are the prime factors of 17079862?
2, 41, 208291
What are the prime factors of 1067238?
2, 3, 211, 281
List the prime factors of 11077720.
2, 5, 23, 12041
List the prime factors of 29126.
2, 14563
List the prime factors of 592916.
2, 148229
List the prime factors of 2230359.
3, 41, 18133
List the prime factors of 211982.
2, 83, 1277
List the prime factors of 1004091.
3, 11, 30427
List the prime factors of 2913379.
7, 43, 9679
List the prime factors of 913144.
2, 114143
List the prime factors of 545396.
2, 59, 2311
List the prime factors of 5729085.
3, 5, 17, 7489
What are the prime factors of 324288?
2, 3, 563
List the prime factors of 913624.
2, 114203
List the prime factors of 1250682.
2, 3, 59, 3533
List the prime factors of 2605622.
2, 19, 191, 359
What are the prime factors of 4728661?
7, 241, 2803
What are the prime factors of 845274?
2, 3, 17, 8287
What are the prime factors of 142832?
2, 79, 113
What are the prime factors of 3392483?
181, 18743
What are the prime factors of 262705?
5, 52541
List the prime factors of 2969110.
2, 5, 296911
List the prime factors of 8577950.
2, 5, 171559
List the prime factors of 17376964.
2, 11, 394931
What are the prime factors of 249134?
2, 124567
What are the prime factors of 2844244?
2, 13, 83, 659
List the prime factors of 444753.
3, 49417
List the prime factors of 13660734.
2, 3, 19, 119831
What are the prime factors of 16248361?
16248361
What are the prime factors of 559277?
559277
What are the prime factors of 2334937?
11, 23, 839
What are the prime factors of 2547868?
2, 636967
What are the prime factors of 12616217?
131, 193, 499
List the prime factors of 3237531.
3, 11, 17, 29, 199
What are the prime factors of 753187?
753187
What are the prime factors of 1878847?
23, 81689
What are the prime factors of 231079?
231079
List the prime factors of 463477.
7, 73, 907
What are the prime factors of 447098?
2, 223549
List the prime factors of 36192.
2, 3, 13, 29
List the prime factors of 556068.
2, 3, 149, 311
List the prime factors of 8855565.
3, 5, 419, 1409
List the prime factors of 9357466.
2, 1009, 4637
List the prime factors of 2305886.
2, 11, 281, 373
What are the prime factors of 15744138?
2, 3, 2624023
List the prime factors of 1025521.
7, 20929
What are the prime factors of 1164179?
1164179
What are the prime factors of 660242?
2, 11, 30011
List the prime factors of 1688217.
3, 562739
What are the prime factors of 154281?
3, 51427
What are the prime factors of 1119111?
3, 7, 23, 331
What are the prime factors of 1699183?
211, 8053
What are the prime factors of 2157919?
29, 74411
What are the prime factors of 257423?
137, 1879
List the prime factors of 602419.
487, 1237
What are the prime factors of 294278?
2, 147139
List the prime factors of 3821310.
2, 3, 5, 14153
What are the prime factors of 10980406?
2, 149, 36847
What are the prime factors of 3243004?
2, 61, 13291
What are the prime factors of 1553461?
7, 13, 43, 397
What are the prime factors of 1067359?
1067359
List the prime factors of 6911614.
2, 59, 58573
What are the prime factors of 23534422?
2, 11767211
What are the prime factors of 506026?
2, 253013
List the prime factors of 34010.
2, 5, 19, 179
What are the prime factors of 54394?
2, 27197
List the prime factors of 5240348.
2, 1310087
List the prime factors of 7342946.
2, 13, 17, 37, 449
List the prime factors of 37735124.
2, 7, 271, 4973
What are the prime factors of 86660?
2, 5, 7, 619
List the prime factors of 11200319.
13, 861563
List the prime factors of 1469040.
2, 3, 5, 6121
What are the prime factors of 242851?
7, 34693
What are the prime factors of 1143375?
3, 5, 3049
What are the prime factors of 9646044?
2, 3, 139, 5783
List the prime factors of 1704298.
2, 852149
What are the prime factors of 12170010?
2, 3, 5, 405667
What are the prime factors of 62086?
2, 37, 839
What are the prime factors of 416262?
2, 3, 7, 11, 17, 53
List the prime factors of 17047257.
3, 5682419
What are the prime factors of 300441?
3, 17, 43, 137
What are the prime factors of 4251334?
2, 61, 34847
List the prime factors of 1357.
23, 59
What are the prime factors of 229995?
3, 5, 19, 269
What are the prime factors of 4687000?
2, 5, 43, 109
What are the prime factors of 13269738?
2, 3, 2211623
What are the prime factors of 346338?
2, 3, 71, 271
List the prime factors of 612984.
2, 3, 25541
What are the prime factors of 26175370?
2, 5, 13, 227, 887
List the prime factors of 37925808.
2, 3, 790121
List the prime factors of 138797.
138797
List the prime factors of 4201491.
3, 7, 29, 6899
List the prime factors of 881054.
2, 440527
List the prime factors of 7696297.
7, 47, 149, 157
List the prime factors of 2754269.
7, 257, 1531
List the prime factors of 1210212.
2, 3, 33617
What are the prime factors of 21669340?
2, 5, 7, 11, 14071
What are the prime factors of 405046?
2, 31, 47, 139
List the prime factors of 2295799.
11, 17, 12277
List the prime factors of 766773.
3, 7, 4057
What are the prime factors of 15294859?
433, 35323
List the prime factors of 393472.
2, 29, 53
What are the prime factors of 8193134?
2, 43, 47, 2027
What are the prime factors of 3594536?
2, 11, 40847
List the prime factors of 1685949.
3, 561983
What are the prime factors of 4227057?
3, 469673
List the prime factors of 173891.
173891
What are the prime factors of 127361?
13, 97, 101
List the prime factors of 193644.
2, 3, 11, 163
List the prime factors of 871891.
19, 109, 421
List the prime factors of 9113356.
2, 7, 325477
List the prime factors of 6769236.
2, 3, 564103
List the prime factors of 1331047.
31, 42937
List the prime factors of 171732.
2, 3, 11, 1301
List the prime factors of 238876.
2, 11, 61, 89
What are the prime factors of 16304?
2, 1019
What are the prime factors of 480139?
11, 43649
What are the prime factors of 2890575?
3, 5, 29, 443
What are the prime factors of 8923076?
2, 41, 54409
List the prime factors of 30760955.
5, 6152191
List the prime factors of 36027.
3, 4003
List the prime factors of 6768905.
5, 11, 13, 9467
List the prime factors of 179669.
7, 25667
List the prime factors of 